+ 10*c = 4*n - 16, 2*c - 3*n = 28. Let l(w) = 7 + 3 + c + 3*w - 20. Determine l(-3).
-11
Let l(i) = -1. Let o(u) = -31*u + 39. Let j(q) = 2*l(q) + o(q). Determine j(1).
6
Let u(y) = 4 - 68*y**2 - 71*y**2 + 140*y**2 + 15*y - 23*y. Give u(7).
-3
Let c = 434 - 432. Let r(g) = 85*g**c - 39*g**2 - 4 - 5*g + 3*g - 3*g - 47*g**2. What is r(-5)?
-4
Let n be (-7532)/269 + 18*1. Let a(i) = -i**2 - 10*i + 1. What is a(n)?
1
Let j(x) = -x**2 - x. Let l(s) = -2*s**2 + s - 1. Let g(i) = 23*i**2 - 8*i + 11. Let k(o) = 4*g(o) + 44*l(o). Let u(m) = -5*j(m) - k(m). Give u(6).
-6
Let x be (-2)/(-10) - (-1617)/15. Suppose -z = 73 + 37. Let i = x + z. Let c(d) = -d**3 - 4*d**2 - 3*d. Give c(i).
-2
Let u(k) be the second derivative of 7*k**4/6 + k**3/3 - k**2/2 - 338*k - 3. Let g(i) = -i - 11. Let o be g(-12). Calculate u(o).
15
Let s(f) = 70*f**2 - 9*f + 44. Let q(v) = -82*v**2 + 10*v - 45. Let y(d) = 6*q(d) + 7*s(d). What is y(5)?
-27
Let i(p) be the first derivative of -9*p**4/4 + 5*p**3/3 + 154. Let r(z) = -9*z**3 + 7*z**2. Let v(t) = 4*i(t) - 3*r(t). What is v(-1)?
8
Suppose -18*z + 12*z = -18. Let i(a) = -19*a - z + 11*a + 6*a + 3*a. What is i(3)?
0
Let o(b) = -10*b - 65. Let m be o(-7). Let f(h) be the first derivative of -h**2 + 12*h + 144. Calculate f(m).
2
Let n(b) = -1 - b - 1 + 1. Suppose 0 = 34*c - 7*c - 54. Let r(j) = 2*j**2 - 20*j + 38. Let m be r(c). What is n(m)?
-7
Let j(z) be the first derivative of -z**5/120 + z**4/3 - 64*z**3/3 + 74. Let u(k) be the third derivative of j(k). What is u(6)?
2
Let k(x) = -5*x + 102. Let i be (8 + 7 + 31)*(-1)/(-6)*3. What is k(i)?
-13
Let p(j) = -2*j + 21. Let n be (16/12)/(-4 + (-618)/(-153)). Let c = n - 24. Calculate p(c).
1
Suppose 0 = 2*u - 4*u. Suppose -2*q + q = -2. Suppose u = c - 2 - q. Let z(x) = -x + 3. Give z(c).
-1
Let x(g) = -2*g + 73. Let o be x(-34). Let q = -139 + o. Let a(l) = -17*l + 17. Let t(n) = -4*n + 4. Let c(y) = 2*a(y) - 9*t(y). Determine c(q).
2
Suppose 3558*b - 3564*b + 56 = -52. Let w(h) = -h**2 + 35*h - 295. What is w(b)?
11
Let k be 7*5*(-76)/(-140). Let c(s) = 3*s + 2*s + k*s - 23*s. Give c(7).
7
Let f(x) = 2*x**2 - 7*x - 15. Suppose 322*l = 247*l + 450. Determine f(l).
15
Let q(b) = 3*b**2 - 31*b - 28. Let f(r) = 16*r**2 - 177*r - 145. Let w(z) = 2*f(z) - 11*q(z). Let p be (6/(-4))/(2/20). What is w(p)?
-12
Let c(j) = -j**3 - 13*j**2 - 6 - 72*j**2 + 77*j**2 + 2*j**3 - 4*j - 2*j**3. Calculate c(-7).
-27
Let u(y) = -y**3 + y**2 - 2*y - 1. Let r = 10680 - 10679. Calculate u(r).
-3
Suppose 14*d - 13*d - 8 = 0. Let h be -1*(d/(-5) + 12/(-30)). Let m(c) = -134*c**h - c + 5 - 2*c + 10*c + 135*c**2. Calculate m(-6).
-1
Suppose -4*v = 2*h - 5*v - 26, 0 = -3*h + 2*v + 39. Let t(y) = -h*y + 187 - 175*y**3 + 14*y**2 - 182 + 174*y**3. What is t(13)?
5
Suppose -8*o + 20361 = 20361. Let a(p) = -p**2 - 2*p + 85. What is a(o)?
85
Let y = -35291/12 + 2941. Let v(w) be the second derivative of 1/3*w**3 + 16*w - y*w**4 - 1/2*w**2 - 7/20*w**5 + 0. What is v(1)?
-7
Let y(c) = 3*c**3 + 343*c**2 - 18*c + 10. Let x(t) = 8*t**3 + 976*t**2 - 53*t + 31. Let n(v) = -6*x(v) + 17*y(v). What is n(8)?
16
Let j(x) be the third derivative of -x**9/30240 + x**8/6720 + x**7/1680 + x**6/240 - x**5/6 + 40*x**2. Let g(q) be the third derivative of j(q). Determine g(3).
-15
Let t(x) be the first derivative of 1/2*x**2 + 6 + 0*x**4 - 11*x + 1/6*x**3 - 1/10*x**5. Let o(q) be the first derivative of t(q). Calculate o(-1).
2
Let y(j) = j**3 + 8*j**2 - 22*j - 32. Suppose 46 = -48*p + 45*p + 4*v, -2*p + v - 24 = 0. Give y(p).
-12
Let x(l) = -l**3 - 9*l**2 - 7. Let d(o) = o**2 + 13*o + 30. Let i be d(-3). Suppose i = 5*z + 5*f + 55, -4*z - 5*f - 19 = -3*z. Calculate x(z).
-7
Suppose 33*v - 47 + 22 = 74. Let n(w) = w**3 + 2*w**2 - 7*w + 4. Give n(v).
28
Let i(w) = -4 + 2*w - 3*w - w. Suppose 7*g + 1197 = 26*g. Suppose -5*b + g = 83. Give i(b).
4
Let k = 9503 - 9508. Let j(c) = 17*c**2 + 29*c - 3. Let a(h) = 4*h**2 + 7*h - 1. Let f(l) = -9*a(l) + 2*j(l). Calculate f(k).
-22
Let h(n) = 34*n + 1. Let t(w) = 69*w - 14. Let a(g) = -4*h(g) + 2*t(g). Calculate a(0).
-32
Let f(z) = -z**3 + 4*z**2 + 3*z. Let k(a) = 8*a - 18. Let u be k(5). Suppose 0 = -7*q - 4*q + u. Let m be 8/q + (0/(-3))/3. Give f(m).
12
Let o(j) be the third derivative of -j**5/40 - 11*j**3/6 - j**2 - 3. Let y(h) be the first derivative of o(h). Calculate y(1).
-3
Let i(h) = -11*h + 81 - 11 + 4*h + 5*h**2 - 63. What is i(4)?
59
Let u(m) = -m + 13. Let h be u(8). Let x(d) = -5*d + 2 - 7*d**3 - 3*d**2 - d + 3*d**3 + h*d**3. Determine x(4).
-6
Let c(p) be the first derivative of p**4/2 - 5*p**3 - 15*p**2/2 + 57*p + 8166. Give c(8).
1
Let f be 35/(-5) + 2 - (-16)/12*6. Let l(a) = a**3 - 2*a**2 + 4*a + 3. Calculate l(f).
24
Let r(n) = n**2 + 6*n + 4. Let q(u) = -u - 4. Suppose 0 = -3*o + 15 - 9. Let k(c) = -c - 3. Let s(z) = o*k(z) - 3*q(z). Let t be s(-10). What is r(t)?
-4
Let p(c) be the third derivative of c**5/30 + 5*c**4/8 + 19*c**3/6 + 2*c**2 - 432*c - 2. What is p(-9)?
46
Let c(l) = l**2 + 288. Let a(k) = -4*k**2 + 5*k - 859. Let p(y) = a(y) + 3*c(y). Let b = -9 - -15. Give p(b).
-1
Suppose 4*y - i = 3*y + 14, i = 5. Let q(o) = -3*o**3 + 4417*o - 2114*o + 6 - 2284*o + 4*o**3 - 20*o**2. Give q(y).
6
Let z be 2*(-4 + (-156)/(-42)) - 52/7. Suppose -5*t + 8*t = 12. Let x(b) = 2 - 16*b - t + 15*b - 4. What is x(z)?
2
Let u(j) = -j - 1. Let d(l) = -8*l - 4. Let x(n) = d(n) - 4*u(n). Suppose -125*b = -128*b + 6. What is x(b)?
-8
Let q(o) = -o + 18. Let m be q(17). Let y(v) = -v + 9 + m + 18 - 10. Determine y(15).
3
Let m(z) be the second derivative of z**4/12 + 3*z**3/2 + 2*z**2 - z. Suppose 7*j + 0*j = 938. Let b = j + -143. Determine m(b).
4
Let w(r) = r**3 - 11*r**2 - 13*r + 7. Let v be 40/60*-10*(-18)/10. Determine w(v).
-5
Let m = -146352 - -146351. Let g(k) = 50*k + k - 1 + 2. Give g(m).
-50
Let j(f) be the second derivative of f**4/12 + 5*f**3/3 + 3*f**2 + 699*f. Let v(u) = u**3 + u - 9. Let n be v(0). Determine j(n).
-3
Let s(k) = -3904 - 4*k - k**2 + 1956 + 1948. Suppose 3 = -8*d - 21. Determine s(d).
3
Let p(n) = 4*n + 3. Let j(r) = 11*r + 5. Let a(s) = -3*j(s) + 8*p(s). What is a(-6)?
15
Let p(g) = g**3 + 5*g**2 + 5*g + 4. Let d(b) = 3*b**2 + 1. Let a be d(1). Suppose -t = t + a, -v = 5*t. Let h be 6/((v/5)/(-1)). Determine p(h).
7
Let g(o) = 74 - 3*o - 56 - 3*o + 6*o - 3*o. Give g(-8).
42
Let n(x) = -2*x**3 + 22*x**2 + 26*x - 26. Let f be 3/((-360)/32)*(-18)/(-4)*-10. Determine n(f).
-2
Let o(c) = 1. Let s = 90 - 85. Let r(i) = i. Let b(w) = s*r(w) - o(w). What is b(-4)?
-21
Let h(u) = 2*u**2 + u + 14. Let s be (-12)/18*168/(-16) - 7. What is h(s)?
14
Suppose 21*k + 160 = 11*k. Let m be 4/1 - (-16 - k). Let o(c) = c**2 + 4*c - 4. Determine o(m).
28
Let x(n) = -n**2 - 8*n + 4. Suppose -22*j - 32 = -26*j. Let v(f) = j*f - f**3 + 12*f**2 + 9 + 0*f**2 - 8*f**2 - 7*f**2. Let a be v(-4). Calculate x(a).
11
Let t = -32 - -37. Suppose 56 = t*m + 271. Let v = m + 43. Let j(d) = d**2 + d + 6. What is j(v)?
6
Let s(o) = o + 1 - 2*o + o**2 - 5 + 2*o. Let g(k) = -8*k**2 + 549*k - 874. Let u be g(67). What is s(u)?
2
Let k(z) = -2*z**2 + 40*z + 90. Let h be k(22). Let s(x) = 32*x + 8*x**h - 8 - x**2 + x**3 - 6*x - 20*x. What is s(-6)?
-8
Let f be ((-79)/237)/(1/(-12)). Suppose f*d = 16, 0 = 2*a - 4*d + 6*d - 20. Let t(m) = m + 4. What is t(a)?
10
Let u(n) = n**2 - 5*n - 7. Suppose 3*p - 84 = -114. Let w(o) = o**2 - 6*o - 33. Let g be w(p). Suppose -g*x + 132*x = 30. Give u(x).
-1
Let h(z) be the second derivative of z**4/12 + z**3/3 - 6*z**2 + 10*z. Let r be h(-5). Let m(f) = 12*f - 6*f + 3 - r*f. What is m(3)?
12
Let y(p) = p**2 - 10*p + 8. Let j be -4 + (-2)/((-6)/9). Let u be j - (-2 - 9) - 4. Give y(u).
-16
Let a(d) = d - 33*d**2 + 0 + 20*d**2 + 4 + 14*d**2. Let f(s) = -4 + 0 + s - 1 + 6. Let j(u) = -a(u) + 5*f(u). Determine j(3).
4
Let l = -388 - -566. Suppose l*j = 161*j. Let f(t) = -t**3 + t**2 - t + 12. What is f(j)?
12
Let a(u) = 3*u**3 + u**2 - 2*u + 1. Let j be 0/(-7) - (4 - 2). Let w = -2 + -3. Let h be j*w/30*3. What is a(h)?
3
Let b be 29/5 + 1 + 59/295. Let f(z) = -z + 3*z - 4 + 0*z. Determine f(b).
10
Let h(m) = -4698*m + 21. Let l(o) = -482*o + 2. Let x(z) = -4*h(z) + 39*l(z). Suppose -v + 5 + 1 = 0. Determine x(v).
-42
Let u(i) = i**3 + 4*i**2 + i. Su